{"id":3707,"date":"2022-12-08T14:26:09","date_gmt":"2022-12-08T14:26:09","guid":{"rendered":"https:\/\/www.chevronparquet.com\/?post_type=journal&#038;p=3707"},"modified":"2023-03-22T15:32:50","modified_gmt":"2023-03-22T15:32:50","slug":"stylingbolaget-design-studio-moed-arkitekten","status":"publish","type":"journal","link":"https:\/\/www.chevronparquet.com\/dk\/journal\/stylingbolaget-design-studio-moed-arkitekten\/","title":{"rendered":"Stylingbolaget Design Studio \u2014 M\u00f8d arkitekten"},"content":{"rendered":"<section id=\"text-block-block_6391ecc3408e3\" class=\"block text-block bg-color none\">\n    <div class=\"container\">\n        <div class=\"text-block__wrapper align-left\" style=\"max-width: 768px;\">\n            <h1 class=\"text-block__title heading h2\">Case Study  \u2014  Apt. D&#038;B<\/h1>                <p class=\"text-block__sub-title-text body-lg\">Stylingbolaget Design Studio er et design studio med base i Stockholm, men en opgave ligger aldrig for langt v\u00e6k for dem. De arbejder med private boliger; lejligheder og mindre huse. De er et firma, som t\u00f8r t\u00e6nke i nye og anderledes l\u00f8sninger som skaber en wow-f\u00f8lelse. <\/p>\n            <p id=\"tw-target-text\" class=\"tw-data-text tw-text-large tw-ta\" dir=\"ltr\" data-placeholder=\"\u00d6vers\u00e4ttning\"><span class=\"Y2IQFc\" lang=\"da\">Vi m\u00f8der indretningsarkitekt Denize da Silva fra Stylingbolaget Design Studio i en etage beliggende i bydelen \u00d6stermalm i det centrale Stockholm.<\/span><\/p>\n        <\/div>\n    <\/div>\n<\/section>\n\n<section id=\"inner-page-hero-block_6391ed37408e4\" class=\"block inner-page-hero bg-color none\" style=\"background: linear-gradient(0deg, rgba(0, 0, 0, 0.2), rgba(0, 0, 0, 0.2)), linear-gradient(180deg, rgba(0, 0, 0, 0.4) 9.55%, rgba(0, 0, 0, 0) 37.36%), url(https:\/\/www.chevronparquet.com\/wp-content\/uploads\/2022\/12\/exklusiv_stjarnparkett.jpg) center center \/ cover no-repeat;\">\n<\/section>\n\n<section id=\"image-and-text-block_6391f205408e9\" class=\"block image-and-text bg-color none\">\n    <div class=\"container\">\n        <div class=\"row row--center\">\n            <div class=\"row__col row__col--md-6 order-0 order-md-1 aos-perent-elmn\">\n                <figure class=\"image-and-text__image push-right aos-init\" data-aos=\"zoom-out\">\n                    <picture>\n                        <img loading=\"lazy\" decoding=\"async\" width=\"768\" height=\"1152\" src=\"https:\/\/www.chevronparquet.com\/wp-content\/uploads\/2022\/12\/traffa_stylingbolaget_design_studio.jpg\" class=\"attachment-medium_large size-medium_large\" alt=\"\" srcset=\"https:\/\/www.chevronparquet.com\/wp-content\/uploads\/2022\/12\/traffa_stylingbolaget_design_studio.jpg 1707w, https:\/\/www.chevronparquet.com\/wp-content\/uploads\/2022\/12\/traffa_stylingbolaget_design_studio-200x300.jpg 200w, https:\/\/www.chevronparquet.com\/wp-content\/uploads\/2022\/12\/traffa_stylingbolaget_design_studio-1024x1536.jpg 1024w, https:\/\/www.chevronparquet.com\/wp-content\/uploads\/2022\/12\/traffa_stylingbolaget_design_studio-1365x2048.jpg 1365w, https:\/\/www.chevronparquet.com\/wp-content\/uploads\/2022\/12\/traffa_stylingbolaget_design_studio-500x750.jpg 500w, https:\/\/www.chevronparquet.com\/wp-content\/uploads\/2022\/12\/traffa_stylingbolaget_design_studio-400x600.jpg 400w, https:\/\/www.chevronparquet.com\/wp-content\/uploads\/2022\/12\/traffa_stylingbolaget_design_studio-800x1200.jpg 800w\" sizes=\"(max-width: 768px) 100vw, 768px\" \/>                    <\/picture>\n                <\/figure>\n            <\/div>\n            <div class=\"row__col row__col--md-6 order-1 order-md-0\">\n                <div class=\"image-and-text__text-block push-left\">\n                                            <p class=\"image-and-text__sub-title-text body-lg\">Hvad inspirerer jer, og hvad er jeres arbejdsfilosofi?<\/p>\n                    <p>Vi er et team der br\u00e6nder for innovative id\u00e9er, sp\u00e6ndende belysning og indretning med et kontinentalt touch. For os er det vigtigt at blande nyt med antikt for at skabe et dynamisk rum &#8211; <span class=\"Y2IQFc\" lang=\"da\">fort\u00e6ller Denize.<\/span><\/p>\n                    <div class=\"image-and-text__btns\">\n                                            <\/div>\n                <\/div>\n            <\/div>\n        <\/div>\n    <\/div>\n<\/section>\n\n<section id=\"inner-page-hero-block_6391eddb408e6\" class=\"block inner-page-hero bg-color none\" style=\"background: linear-gradient(0deg, rgba(0, 0, 0, 0.2), rgba(0, 0, 0, 0.2)), linear-gradient(180deg, rgba(0, 0, 0, 0.4) 9.55%, rgba(0, 0, 0, 0) 37.36%), url(https:\/\/www.chevronparquet.com\/wp-content\/uploads\/2022\/12\/stjarnparkett_brantevik.jpg) center center \/ cover no-repeat;\">\n<\/section>\n\n<section id=\"image-and-text-block_6391edf0408e7\" class=\"block image-and-text bg-color none\">\n    <div class=\"container\">\n        <div class=\"row row--center\">\n            <div class=\"row__col row__col--md-6 order-0  aos-perent-elmn\">\n                <figure class=\"image-and-text__image aos-init\" data-aos=\"zoom-out\">\n                    <picture>\n                        <img loading=\"lazy\" decoding=\"async\" width=\"768\" height=\"1152\" src=\"https:\/\/www.chevronparquet.com\/wp-content\/uploads\/2022\/12\/stjarnparkett-min.png\" class=\"attachment-medium_large size-medium_large\" alt=\"\" srcset=\"https:\/\/www.chevronparquet.com\/wp-content\/uploads\/2022\/12\/stjarnparkett-min.png 1000w, https:\/\/www.chevronparquet.com\/wp-content\/uploads\/2022\/12\/stjarnparkett-min-200x300.png 200w, https:\/\/www.chevronparquet.com\/wp-content\/uploads\/2022\/12\/stjarnparkett-min-500x750.png 500w, https:\/\/www.chevronparquet.com\/wp-content\/uploads\/2022\/12\/stjarnparkett-min-400x600.png 400w, https:\/\/www.chevronparquet.com\/wp-content\/uploads\/2022\/12\/stjarnparkett-min-800x1200.png 800w, https:\/\/www.chevronparquet.com\/wp-content\/uploads\/2022\/12\/stjarnparkett-min-900x1350.png 900w\" sizes=\"(max-width: 768px) 100vw, 768px\" \/>                    <\/picture>\n                <\/figure>\n            <\/div>\n            <div class=\"row__col row__col--md-6 order-1 \">\n                <div class=\"image-and-text__text-block push-right\">\n                                            <p class=\"image-and-text__sub-title-text body-lg\">Hvad \u00f8nskede I og kunden at opn\u00e5 med dette projekt?<\/p>\n                    <p>Dette er en af vores tilbagevendende kunder, hvilket altid er sp\u00e6ndende og sjovt. N\u00e5r man kender hinanden, kan man i f\u00e6llesskab rykke gr\u00e6nserne for sine valg. I dette projekt valgte vi at fokusere p\u00e5 en lys farvepalet, masser af sten samt m\u00f8bler, som blev bygget p\u00e5 stedet. Vi ville skabe en topmoderne lejlighed, men samtidig dekorere v\u00e6gge og lofter med stuk for at bevare husets karakter. Den lyse stjerneparket i stuen fra Chevron Parquet var ogs\u00e5 med til at fremh\u00e6ve lejlighedens alder p\u00e5 bedste vis &#8211; <span class=\"Y2IQFc\" lang=\"da\">fort\u00e6ller Denize.<\/span><\/p>\n                    <div class=\"image-and-text__btns\">\n                                            <\/div>\n                <\/div>\n            <\/div>\n        <\/div>\n    <\/div>\n<\/section>\n\n<section id=\"text-block-block_6391ee4f408e8\" class=\"block text-block bg-color none\">\n    <div class=\"container\">\n        <div class=\"text-block__wrapper align-left\" style=\"max-width: 768px;\">\n                            <p class=\"text-block__sub-title-text body-lg\">Hvad er vigtigt for jer ved valg af materialer?<\/p>\n            <p>Det er vigtigt med en god &#8220;mavefornemmelse&#8221; n\u00e5r man v\u00e6lger materialer. N\u00e5r man tr\u00e6der ind i et af de projekter vi har lavet, s\u00e5 \u00f8nsker SB Design Studio at man skal f\u00f8le at det hele er n\u00f8je udvalgt. Kontraster i materialevalget v\u00e6gter ogs\u00e5 rigtig meget. Vi blander gerne forskellige teksturer for at skabe interessante m\u00f8der mellem dem.<\/p>\n<p>&nbsp;<\/p>\n<p>&nbsp;<\/p>\n<p>Foto: Inredningsfotografen<br \/>\nBes\u00f8g Stylingbolaget Design Studio <a href=\"https:\/\/www.stylingbolaget.com\/designstudio\">her<\/a>.<br \/>\nBes\u00f8g deres <a href=\"https:\/\/www.instagram.com\/designstudio.stylingbolaget\/\">Instagram<\/a>.<\/p>\n        <\/div>\n    <\/div>\n<\/section>","protected":false},"featured_media":3701,"menu_order":0,"template":"","meta":{"_seopress_robots_primary_cat":"","_seopress_titles_title":"","_seopress_titles_desc":"","_seopress_robots_index":""},"journal-category":[],"class_list":["post-3707","journal","type-journal","status-publish","has-post-thumbnail","hentry"],"acf":[],"_links":{"self":[{"href":"https:\/\/www.chevronparquet.com\/dk\/wp-json\/wp\/v2\/journal\/3707"}],"collection":[{"href":"https:\/\/www.chevronparquet.com\/dk\/wp-json\/wp\/v2\/journal"}],"about":[{"href":"https:\/\/www.chevronparquet.com\/dk\/wp-json\/wp\/v2\/types\/journal"}],"wp:featuredmedia":[{"embeddable":true,"href":"https:\/\/www.chevronparquet.com\/dk\/wp-json\/wp\/v2\/media\/3701"}],"wp:attachment":[{"href":"https:\/\/www.chevronparquet.com\/dk\/wp-json\/wp\/v2\/media?parent=3707"}],"wp:term":[{"taxonomy":"journal-category","embeddable":true,"href":"https:\/\/www.chevronparquet.com\/dk\/wp-json\/wp\/v2\/journal-category?post=3707"}],"curies":[{"name":"wp","href":"https:\/\/api.w.org\/{rel}","templated":true}]}}

Stylingbolaget Design Studio — Mød arkitekten

<section id="text-block-block_6391ecc3408e3" class="block text-block bg-color none">
    <div class="container">
        <div class="text-block__wrapper align-left" style="max-width: 768px;">
            <h1 class="text-block__title heading h2">Case Study  —  Apt. D&#038;B</h1>                <p class="text-block__sub-title-text body-lg">Stylingbolaget Design Studio er et design studio med base i Stockholm, men en opgave ligger aldrig for langt væk for dem. De arbejder med private boliger; lejligheder og mindre huse. De er et firma, som tør tænke i nye og anderledes løsninger som skaber en wow-følelse. </p>
            <p id="tw-target-text" class="tw-data-text tw-text-large tw-ta" dir="ltr" data-placeholder="Översättning"><span class="Y2IQFc" lang="da">Vi møder indretningsarkitekt Denize da Silva fra Stylingbolaget Design Studio i en etage beliggende i bydelen Östermalm i det centrale Stockholm.</span></p>
        </div>
    </div>
</section>

<section id="inner-page-hero-block_6391ed37408e4" class="block inner-page-hero bg-color none" style="background: linear-gradient(0deg, rgba(0, 0, 0, 0.2), rgba(0, 0, 0, 0.2)), linear-gradient(180deg, rgba(0, 0, 0, 0.4) 9.55%, rgba(0, 0, 0, 0) 37.36%), url(https://www.chevronparquet.com/wp-content/uploads/2022/12/exklusiv_stjarnparkett.jpg) center center / cover no-repeat;">
</section>

<section id="image-and-text-block_6391f205408e9" class="block image-and-text bg-color none">
    <div class="container">
        <div class="row row--center">
            <div class="row__col row__col--md-6 order-0 order-md-1 aos-perent-elmn">
                <figure class="image-and-text__image push-right aos-init" data-aos="zoom-out">
                    <picture>
                        <img loading="lazy" decoding="async" width="768" height="1152" src="https://www.chevronparquet.com/wp-content/uploads/2022/12/traffa_stylingbolaget_design_studio.jpg" class="attachment-medium_large size-medium_large" alt="" srcset="https://www.chevronparquet.com/wp-content/uploads/2022/12/traffa_stylingbolaget_design_studio.jpg 1707w, https://www.chevronparquet.com/wp-content/uploads/2022/12/traffa_stylingbolaget_design_studio-200x300.jpg 200w, https://www.chevronparquet.com/wp-content/uploads/2022/12/traffa_stylingbolaget_design_studio-1024x1536.jpg 1024w, https://www.chevronparquet.com/wp-content/uploads/2022/12/traffa_stylingbolaget_design_studio-1365x2048.jpg 1365w, https://www.chevronparquet.com/wp-content/uploads/2022/12/traffa_stylingbolaget_design_studio-500x750.jpg 500w, https://www.chevronparquet.com/wp-content/uploads/2022/12/traffa_stylingbolaget_design_studio-400x600.jpg 400w, https://www.chevronparquet.com/wp-content/uploads/2022/12/traffa_stylingbolaget_design_studio-800x1200.jpg 800w" sizes="(max-width: 768px) 100vw, 768px" />                    </picture>
                </figure>
            </div>
            <div class="row__col row__col--md-6 order-1 order-md-0">
                <div class="image-and-text__text-block push-left">
                                            <p class="image-and-text__sub-title-text body-lg">Hvad inspirerer jer, og hvad er jeres arbejdsfilosofi?</p>
                    <p>Vi er et team der brænder for innovative idéer, spændende belysning og indretning med et kontinentalt touch. For os er det vigtigt at blande nyt med antikt for at skabe et dynamisk rum &#8211; <span class="Y2IQFc" lang="da">fortæller Denize.</span></p>
                    <div class="image-and-text__btns">
                                            </div>
                </div>
            </div>
        </div>
    </div>
</section>

<section id="inner-page-hero-block_6391eddb408e6" class="block inner-page-hero bg-color none" style="background: linear-gradient(0deg, rgba(0, 0, 0, 0.2), rgba(0, 0, 0, 0.2)), linear-gradient(180deg, rgba(0, 0, 0, 0.4) 9.55%, rgba(0, 0, 0, 0) 37.36%), url(https://www.chevronparquet.com/wp-content/uploads/2022/12/stjarnparkett_brantevik.jpg) center center / cover no-repeat;">
</section>

<section id="image-and-text-block_6391edf0408e7" class="block image-and-text bg-color none">
    <div class="container">
        <div class="row row--center">
            <div class="row__col row__col--md-6 order-0  aos-perent-elmn">
                <figure class="image-and-text__image aos-init" data-aos="zoom-out">
                    <picture>
                        <img loading="lazy" decoding="async" width="768" height="1152" src="https://www.chevronparquet.com/wp-content/uploads/2022/12/stjarnparkett-min.png" class="attachment-medium_large size-medium_large" alt="" srcset="https://www.chevronparquet.com/wp-content/uploads/2022/12/stjarnparkett-min.png 1000w, https://www.chevronparquet.com/wp-content/uploads/2022/12/stjarnparkett-min-200x300.png 200w, https://www.chevronparquet.com/wp-content/uploads/2022/12/stjarnparkett-min-500x750.png 500w, https://www.chevronparquet.com/wp-content/uploads/2022/12/stjarnparkett-min-400x600.png 400w, https://www.chevronparquet.com/wp-content/uploads/2022/12/stjarnparkett-min-800x1200.png 800w, https://www.chevronparquet.com/wp-content/uploads/2022/12/stjarnparkett-min-900x1350.png 900w" sizes="(max-width: 768px) 100vw, 768px" />                    </picture>
                </figure>
            </div>
            <div class="row__col row__col--md-6 order-1 ">
                <div class="image-and-text__text-block push-right">
                                            <p class="image-and-text__sub-title-text body-lg">Hvad ønskede I og kunden at opnå med dette projekt?</p>
                    <p>Dette er en af vores tilbagevendende kunder, hvilket altid er spændende og sjovt. Når man kender hinanden, kan man i fællesskab rykke grænserne for sine valg. I dette projekt valgte vi at fokusere på en lys farvepalet, masser af sten samt møbler, som blev bygget på stedet. Vi ville skabe en topmoderne lejlighed, men samtidig dekorere vægge og lofter med stuk for at bevare husets karakter. Den lyse stjerneparket i stuen fra Chevron Parquet var også med til at fremhæve lejlighedens alder på bedste vis &#8211; <span class="Y2IQFc" lang="da">fortæller Denize.</span></p>
                    <div class="image-and-text__btns">
                                            </div>
                </div>
            </div>
        </div>
    </div>
</section>

<section id="text-block-block_6391ee4f408e8" class="block text-block bg-color none">
    <div class="container">
        <div class="text-block__wrapper align-left" style="max-width: 768px;">
                            <p class="text-block__sub-title-text body-lg">Hvad er vigtigt for jer ved valg af materialer?</p>
            <p>Det er vigtigt med en god &#8220;mavefornemmelse&#8221; når man vælger materialer. Når man træder ind i et af de projekter vi har lavet, så ønsker SB Design Studio at man skal føle at det hele er nøje udvalgt. Kontraster i materialevalget vægter også rigtig meget. Vi blander gerne forskellige teksturer for at skabe interessante møder mellem dem.</p>
<p>&nbsp;</p>
<p>&nbsp;</p>
<p>Foto: Inredningsfotografen<br />
Besøg Stylingbolaget Design Studio <a href="https://www.stylingbolaget.com/designstudio">her</a>.<br />
Besøg deres <a href="https://www.instagram.com/designstudio.stylingbolaget/">Instagram</a>.</p>
        </div>
    </div>
</section>
